 14. Let b be v(-6). Let t = 282 + -182. Suppose 0 = -y + 3*y - t. Calculate the highest common factor of y and b.
10
Suppose 6*s - 226 - 20 = 0. Calculate the highest common factor of 164 and s.
41
Let n be (-353)/(-2)*2*1 - 3. Suppose -4*g + n = 6*g. What is the highest common divisor of g and 5?
5
Suppose -l = -5*l. Suppose -n + 3*m - 2 + 4 = l, 0 = 3*m. Suppose 6*g = n*g + 220. Calculate the highest common divisor of g and 5.
5
Let l = 28 - 31. Let q = l + 9. What is the highest common divisor of q and 9?
3
Let r(i) = i**3 + 4*i**2 - 4*i + 1. Let l be r(-5). Let a be l/(-2) - (1 - (-124)/(-4)). What is the highest common factor of 32 and a?
32
Let n be 2 - 3/(-6) - (-2)/4. Suppose -n*p + 42 = -p. What is the greatest common divisor of p and 42?
21
Suppose -3*m = 4*h - 1578, 2*h - 713 - 89 = 5*m. Calculate the highest common factor of h and 44.
44
Let i(y) = -19*y**3 - 2*y**2 - 2*y + 1. Let m be i(2). Let j = -80 - m. Let q = 123 - j. What is the greatest common factor of 10 and q?
10
Let f(w) be the third derivative of w**4/3 + w**3/6 + 5*w**2. Let u be f(1). Let l be (-12)/u*(-58 + 1). Calculate the greatest common factor of l and 19.
19
Suppose -8 = -0*b - 4*b. Suppose 0 = -5*i + 3*r + 46 + 41, b*r - 37 = -3*i. What is the highest common factor of 10 and i?
5
Let x = 50 + -46. Let g(l) = 2*l**3 - 7*l**2 + 7*l - 4. Let r be g(x). What is the highest common divisor of r and 10?
10
Let f(l) = -l**3 + 8*l**2 - 9*l + 7. Let r be f(5). What is the highest common factor of 1 and r?
1
Let q be (-172)/(-14) + 2/(-7). Suppose -6*c = -2*c + 4*t - 744, t = 4*c - 749. Let k = c - 79. Calculate the greatest common divisor of q and k.
12
Suppose 39*w = 35*w + 236. Calculate the highest common divisor of w and 295.
59
Let l be -2 + 1 - 45/(-5). Let j(n) = 7*n**2 - 13*n - 4. Let s be j(4). What is the highest common factor of s and l?
8
Suppose 2*z - 117 = -2*p + 295, 3*p - 208 = -z. Let n be 408/5 + 2/5. What is the greatest common divisor of z and n?
41
Suppose -l - 4*l + 5*z + 30 = 0, 42 = 4*l + 5*z. Suppose l - 17 = r. Let u be (-3 - 0)/(r/6). Calculate the highest common divisor of u and 4.
2
Suppose -h - 3 = -2. Let t be 4/h + 5 - -57. Calculate the highest common divisor of 145 and t.
29
Let f(o) = -o**3 + 7*o**2 + 18*o - 8. Let u be f(-12). What is the highest common divisor of u and 16?
16
Suppose n = -2*o + 40, -4*n + 163 = -64*o + 69*o. Let p(l) = 15*l**2 - l + 1. Let a be p(-2). What is the highest common divisor of a and n?
21
Let m(x) = -x**3 + 16*x**2 + 16*x - 25. Let r be m(16). Calculate the highest common divisor of 154 and r.
77
Let w(k) = 12*k - 10. Let f be w(4). Let x = f + -23. Calculate the greatest common divisor of x and 15.
15
Suppose -95 = 4*p + 405. Let c be 30/p*-15*5*1. Calculate the highest common divisor of c and 27.
9
Let n be 162/24*(-32)/(-3). Suppose -n = -3*x + x. What is the greatest common divisor of x and 4?
4
Suppose 19 = 2*p + k - 4*k, -12 = -p + 2*k. Suppose 0*m = -2*m + 2. Let a be (-3)/(-3) + (m - -12). What is the highest common divisor of a and p?
2
Let i(x) = x**3 + 7*x**2 - 6*x - 17. Let l be i(-5). Let z be 147/l - 4/(-6). Calculate the greatest common factor of z and 33.
3
Let a(i) = 4*i**2 + 14*i - 14. Let l(t) = t - 1. Let u be l(2). Let f be a(u). Let b be ((-8)/(-10))/(4/50). What is the highest common divisor of b and f?
2
Suppose -62 = -2*v - 2*g, -3*g = -104*v + 100*v + 89. What is the greatest common divisor of 221 and v?
13
Let d(y) = -2*y**3 + 16*y + 6. Let r be d(-4). Calculate the highest common factor of 182 and r.
14
Let s = 29 - 19. Suppose -4*p = -2*x + 256, -49*p = x - 44*p - 135. Calculate the highest common factor of x and s.
10
Let c = 1439 - 674. Calculate the highest common factor of 45 and c.
45
Let l be 5*(-2 + (-2 - -19)). Let f be -50*(-3 - -2*(-25)/(-20)). What is the highest common divisor of f and l?
25
Suppose -5*b + 2*u = -0*b - 53, -2*b = u - 14. Suppose -97 = -4*k + 1523. Suppose -4*y + 9*y = k. What is the highest common divisor of b and y?
9
Let o = -119 - -786. What is the highest common divisor of 23 and o?
23
Let m = 1455 - 1323. Calculate the highest common factor of m and 84.
12
Let y be (-17 - -17) + 2/((-4)/(-1))*238. Let s be 202/6 - 2/(-6). Calculate the greatest common factor of s and y.
17
Let g be (-116)/29*(-202)/8. Calculate the highest common divisor of 1616 and g.
101
Suppose 0 = -4*w + 16, 5*r - 1583 - 153 = w. What is the highest common factor of 24 and r?
12
Let y(r) = -28*r - 20. Let n be y(-2). Calculate the highest common divisor of 252 and n.
36
Let v(d) = 3*d + 3. Let j be v(-5). Let g be j/(-42) + -1 + 220/14. What is the greatest common factor of 105 and g?
15
Let o be 80/15 + 12/(-9) + 0. Let t(q) = 4*q. Let z be t(5). Calculate the highest common divisor of o and z.
4
Let a = -805 + 1543. What is the greatest common factor of 18 and a?
18
Let f = -143 - -183. Calculate the greatest common divisor of 64 and f.
8
Suppose 0 = 2*m + 2*a - 1 - 1, -2*m + 4*a = -8. Let u(r) = -m - 4 - 4 + 3 - 14*r. Let i be u(-12). What is the highest common factor of 23 and i?
23
Let x = -122 - -186. Let c(w) = -w + 40. Let y be c(11). Let u = x - y. Calculate the greatest common divisor of u and 14.
7
Let g = -68 - -93. Suppose -50 = g*q - 26*q. Calculate the greatest common divisor of q and 25.
25
Suppose 0 = 2*p - 5*p + 108. Let m = -123 - -447. Calculate the highest common divisor of m and p.
36
Suppose 4*k + k - 29 = -2*f, -57 = -5*f + 3*k. Let z(c) = 2*c - 11. Let r be z(f). Let w = r - 2. Calculate the greatest common factor of 11 and w.
11
Let t be (-232)/(-8)*1*2. Suppose -2*m + 22 = -g, 4*g = -g + 4*m - 86. Let w = g + t. Calculate the highest common factor of w and 4.
4
Suppose -4*b + 46 = 2*d, -2*b - 7 = -3*d + 2*d. What is the highest common divisor of d and 735?
15
Let j be (-4)/3*(-702)/4. Let b be (-35)/(-1*(-4)/(-4)). Suppose b = 5*w + 10, -2*w = 4*p - j. What is the greatest common divisor of 28 and p?
28
Let m(x) = -x**2 + 43*x - 188. Let a be m(36). Calculate the highest common factor of a and 72.
8
Let s(h) = 2*h**2 + 6 + h + 2*h**3 - 4*h**2 - 6*h - 3*h. Let m be s(3). Calculate the highest common factor of m and 54.
18
Let t = -51 - -54. Suppose 5*o - 470 = t*o. What is the highest common factor of 94 and o?
47
Let p be 85/25*((-9 - -3) + 21). Let d(t) = -t**3 - t**2 + 17. Let u be d(0). What is the greatest common divisor of p and u?
17
Let a = -938 - -1379. What is the highest common divisor of 36 and a?
9
Let q = 1105 - 593. What is the greatest common factor of q and 64?
64
Let i(b) = -45*b - 124. Let g be i(-4). What is the highest common divisor of 56 and g?
56
Let w be -3 + 12/3 + 2. Calculate the highest common divisor of 96 and w.
3
Let g(p) = -34*p - 38. Let s be g(-2). Calculate the greatest common factor of s and 165.
15
Suppose -5*q - 6908 = 4*n - 3*q, -5*q = -10. Let a be ((-2)/4)/(9/n). Calculate the greatest common factor of 6 and a.
6
Suppose -2*v - 3*j + 28 + 53 = 0, 2*j - 182 = -4*v. Let c(l) = -19*l - 69. Let a be c(-7). What is the highest common factor of a and v?
16
Let u be (-6)/30 + (-9)/5. Let i be 302/6 - u/(-6). Calculate the greatest common divisor of 10 and i.
10
Let s = 54 + -31. Suppose -5*i = -2 - s. Calculate the highest common divisor of 10 and i.
5
Let b = 7397 + -4932. Calculate the greatest common divisor of b and 17.
17
Let n(d) = d**3 - 7*d**2 + 10*d - 8. Let j be n(6). Let g be 11/4 - 5/(-20). Suppose -g*k = -3 - 333. What is the greatest common divisor of k and j?
16
Let y be 1*-3*(-4)/(108/153). Calculate the greatest common factor of 119 and y.
17
Suppose -f = 3*s - 15, 5*f = -13*s + 9*s + 86. What is the highest common divisor of 5 and f?
1
Suppose 2 = -5*p + 7*p. Let i be (-2)/(1 - (1 + p)). Let h(v) = 39*v**2 + v + 2. Let g be h(i). What is the highest common factor of 20 and g?
20
Let v(k) = k**3 + 10*k**2 - 12*k - 9. Let l be v(-11). Let z be 93 - 2/(-3 + l). Suppose -48 - z = -c. Calculate the highest common factor of c and 13.
13
Let f(a) be the second derivative of -a**3/6 + 13*a**2/2 - 2*a. Let t be f(-14). What is the greatest common factor of t and 18?
9
Suppose -49 = -9*f + 383. Calculate the highest common divisor of 54 and f.
6
Let b(k) = -k**2 - 34*k - 152. Let m be b(-28). Let y